53113 is divided by 44.
21
What is the remainder when 436113 is divided by 1124?
1
What is the remainder when 12648466 is divided by 780?
766
What is the remainder when 2226157 is divided by 17?
7
What is the remainder when 12131598 is divided by 1213159?
8
What is the remainder when 1016846 is divided by 559?
25
What is the remainder when 316369 is divided by 24336?
1
Calculate the remainder when 67617943 is divided by 255162.
13
Calculate the remainder when 16531 is divided by 4072.
243
What is the remainder when 39067 is divided by 9698?
275
What is the remainder when 253335 is divided by 990?
885
What is the remainder when 143982 is divided by 17989?
70
Calculate the remainder when 6851164 is divided by 7.
5
Calculate the remainder when 52813 is divided by 1653.
1570
What is the remainder when 3642680 is divided by 728534?
10
Calculate the remainder when 71153 is divided by 68117.
3036
Calculate the remainder when 122184 is divided by 4699.
10
What is the remainder when 23338833 is divided by 11669361?
111
Calculate the remainder when 2045190 is divided by 192.
6
Calculate the remainder when 532383143 is divided by 1839.
1838
Calculate the remainder when 337213 is divided by 64.
61
Calculate the remainder when 1654256 is divided by 206762.
160
What is the remainder when 500314 is divided by 9621?
22
What is the remainder when 16622 is divided by 8082?
458
What is the remainder when 10754 is divided by 491?
443
What is the remainder when 379744903 is divided by 322?
321
What is the remainder when 205707982 is divided by 59?
57
Calculate the remainder when 712667 is divided by 356269.
129
Calculate the remainder when 2602743 is divided by 520527.
108
Calculate the remainder when 29049047 is divided by 1713.
1706
Calculate the remainder when 3577707 is divided by 2602.
2559
Calculate the remainder when 532212 is divided by 268.
232
Calculate the remainder when 237757 is divided by 234550.
3207
Calculate the remainder when 974283 is divided by 121713.
579
What is the remainder when 2298085 is divided by 574511?
41
What is the remainder when 623522 is divided by 814?
812
Calculate the remainder when 94331 is divided by 377.
81
What is the remainder when 259572 is divided by 10362?
522
Calculate the remainder when 99558 is divided by 24857.
130
What is the remainder when 29277954 is divided by 412?
410
What is the remainder when 1208155 is divided by 20?
15
Calculate the remainder when 8058833 is divided by 59256.
17
Calculate the remainder when 91245 is divided by 2201.
1004
What is the remainder when 47437561 is divided by 5053?
5050
Calculate the remainder when 4154285 is divided by 2076956.
373
Calculate the remainder when 4405271 is divided by 346.
345
Calculate the remainder when 1101818 is divided by 895.
73
Calculate the remainder when 155825959 is divided by 7812.
7807
Calculate the remainder when 464027 is divided by 93.
50
Calculate the remainder when 2414093 is divided by 326.
63
Calculate the remainder when 174932 is divided by 323.
189
Calculate the remainder when 11569782 is divided by 251517.
0
What is the remainder when 480976 is divided by 1851?
1567
Calculate the remainder when 838845 is divided by 3344.
2845
Calculate the remainder when 8434298 is divided by 303.
293
What is the remainder when 4046287 is divided by 578040?
7
What is the remainder when 139820 is divided by 1520?
1500
What is the remainder when 5907356 is divided by 1138?
1136
Calculate the remainder when 2684414 is divided by 95.
94
Calculate the remainder when 48807 is divided by 48788.
19
What is the remainder when 5877 is divided by 777?
438
What is the remainder when 11984666 is divided by 30?
26
Calculate the remainder when 6479275 is divided by 1630.
25
What is the remainder when 11748809 is divided by 1009?
13
What is the remainder when 6454922 is divided by 57627?
698
What is the remainder when 3953407 is divided by 27?
13
Calculate the remainder when 171569 is divided by 85747.
75
What is the remainder when 1861643 is divided by 2304?
11
What is the remainder when 8154213 is divided by 420?
333
Calculate the remainder when 4290125 is divided by 16693.
24
Calculate the remainder when 6526708 is divided by 2788.
0
Calculate the remainder when 498475 is divided by 34.
1
Calculate the remainder when 560364 is divided by 1735.
1694
What is the remainder when 23078737 is divided by 134?
51
What is the remainder when 8213658 is divided by 100?
58
Calculate the remainder when 142818 is divided by 15814.
492
What is the remainder when 10220559 is divided by 239?
202
What is the remainder when 16683794 is divided by 4144?
50
Calculate the remainder when 79516 is divided by 5297.
61
Calculate the remainder when 205421396 is divided by 5400.
5396
Calculate the remainder when 1382236 is divided by 537.
535
Calculate the remainder when 18963330 is divided by 1865.
10
What is the remainder when 175587189 is divided by 35783?
8
Calculate the remainder when 17758503 is divided by 151.
148
Calculate the remainder when 1353510 is divided by 7013.
1
Calculate the remainder when 2864227 is divided by 7912.
83
What is the remainder when 56762024 is divided by 492?
476
Calculate the remainder when 273128 is divided by 54565.
303
What is the remainder when 341227 is divided by 92?
91
What is the remainder when 308085 is divided by 907?
612
What is the remainder when 208555412 is divided by 5983?
5981
Calculate the remainder when 361535 is divided by 639.
500
What is the remainder when 12152 is divided by 2992?
184
What is the remainder when 2915174 is divided by 583034?
4
What is the remainder when 60841 is divided by 2673?
2035
Calculate the remainder when 1846956 is divided by 12151.
4
Calculate the remainder when 72025006 is divided by 3350.
6
Calculate the remainder when 35149 is divided by 461.
113
What is the remainder when 520001 is divided by 517960?
2041
Calculate the remainder when 5533543 is divided by 2536.
2527
Calculate the remainder when 821599322 is divided by 129.
128
What is the remainder when 5942024 is divided by 21?
11
Calculate the remainder when 3594995 is divided by 58.
39
What is the remainder when 221640 is divided by 17047?
29
Calculate the remainder when 50266792 is divided by 3455.
3452
Calculate the remainder when 6700189 is divided by 2233392.
13
What is the remainder when 465373568 is divided by 2977?
2974
Calculate the remainder when 27009040 is divided by 758.
742
Calculate the remainder when 16150056 is divided by 581.
580
What is the remainder when 91983 is divided by 122?
117
Calculate the remainder when 105932 is divided by 104053.
1879
What is the remainder when 319036 is divided by 655?
51
Calculate the remainder when 5734110 is divided by 86880.
30
Calculate the remainder when 228779 is divided by 60.
59
What is the remainder when 5341576 is divided by 152?
144
What is the remainder when 3186456 is divided by 3807?
3804
Calculate the remainder when 393528 is divided by 393513.
15
Calculate the remainder when 498484 is divided by 494454.
4030
Calculate the remainder when 1468995 is divided by 367185.
255
Calculate the remainder when 9515 is divided by 4260.
995
Calculate the remainder when 57056220 is divided by 19.
18
What is the remainder when 8787103 is divided by 2929026?
25
What is the remainder when 444514 is divided by 36?
22
What is the remainder when 252110091 is divided by 964?
955
Calculate the remainder when 1786472 is divided by 21768.
1496
What is the remainder when 8713341 is divided by 127?
125
What is the remainder when 46535887 is divided by 473?
255
What is the remainder when 47934 is divided by 7972?
102
Calculate the remainder when 8078771 is divided by 52.
51
Calculate the remainder when 1004902 is divided by 74.
56
Calculate the remainder when 29274 is divided by 1065.
519
What is the remainder when 43047190 is divided by 19?
11
Calculate the remainder when 15206522 is divided by 4341.
4340
Calculate the remainder when 2044680 is divided by 170374.
192
Calculate the remainder when 520882 is divided by 520345.
537
What is the remainder when 181608 is divided by 3424?
136
What is the remainder when 4218311 is divided by 17?
16
What is the remainder when 170143 is divided by 122?
75
Calculate the remainder when